e remainder when 29763 is divided by 14872.
19
Calculate the remainder when 125712 is divided by 62845.
22
What is the remainder when 7684592 is divided by 32981?
19
Calculate the remainder when 20752286 is divided by 6917417.
35
What is the remainder when 1279813 is divided by 364?
353
What is the remainder when 335314 is divided by 166925?
1464
What is the remainder when 10264106 is divided by 5132052?
2
What is the remainder when 51442863 is divided by 375?
363
Calculate the remainder when 25892 is divided by 413.
286
What is the remainder when 28086897 is divided by 14?
13
Calculate the remainder when 28040466 is divided by 577.
574
Calculate the remainder when 820776 is divided by 820752.
24
Calculate the remainder when 25425328 is divided by 24.
16
Calculate the remainder when 555836 is divided by 1088.
956
What is the remainder when 41570456 is divided by 456818?
18
What is the remainder when 164186636 is divided by 36?
32
What is the remainder when 4837911 is divided by 345560?
71
Calculate the remainder when 12761562 is divided by 2143.
2140
What is the remainder when 2804064 is divided by 543?
12
What is the remainder when 10633665 is divided by 1329207?
9
Calculate the remainder when 72018635 is divided by 1007.
9
What is the remainder when 544512 is divided by 3834?
84
What is the remainder when 716106 is divided by 7369?
1313
What is the remainder when 261827359 is divided by 1448?
1447
Calculate the remainder when 25568053 is divided by 591.
211
Calculate the remainder when 420180 is divided by 188.
0
Calculate the remainder when 123310 is divided by 17.
9
Calculate the remainder when 2414367 is divided by 652.
11
What is the remainder when 265088 is divided by 894?
464
Calculate the remainder when 14362974 is divided by 395.
379
What is the remainder when 221032 is divided by 54470?
3152
Calculate the remainder when 286787 is divided by 11949.
11
What is the remainder when 301044 is divided by 3961?
8
What is the remainder when 34241635 is divided by 164?
75
Calculate the remainder when 466229 is divided by 2482.
2095
What is the remainder when 3526942 is divided by 176347?
2
What is the remainder when 106428412 is divided by 889?
888
Calculate the remainder when 59763 is divided by 76.
27
What is the remainder when 318532 is divided by 7068?
472
Calculate the remainder when 754097 is divided by 1771.
1422
What is the remainder when 231253 is divided by 965?
618
What is the remainder when 139303 is divided by 8103?
1552
What is the remainder when 732064 is divided by 2269?
1446
Calculate the remainder when 11383 is divided by 506.
251
What is the remainder when 5098 is divided by 4943?
155
What is the remainder when 6226 is divided by 1418?
554
What is the remainder when 695832 is divided by 929?
11
What is the remainder when 73314534 is divided by 1519?
1518
Calculate the remainder when 5287 is divided by 867.
85
Calculate the remainder when 169288 is divided by 168627.
661
What is the remainder when 2659520632 is divided by 2335?
2332
Calculate the remainder when 94518 is divided by 723.
528
What is the remainder when 43442 is divided by 7219?
128
What is the remainder when 248736 is divided by 6375?
111
Calculate the remainder when 43267200 is divided by 95936.
64
What is the remainder when 92613439 is divided by 77?
72
What is the remainder when 38467213 is divided by 281?
280
What is the remainder when 12504579 is divided by 1453?
61
What is the remainder when 63628 is divided by 63363?
265
Calculate the remainder when 15806585 is divided by 17181.
65
Calculate the remainder when 128917161 is divided by 511576.
9
What is the remainder when 185202 is divided by 2395?
787
What is the remainder when 669287 is divided by 7782?
35
What is the remainder when 14657164 is divided by 3452?
3424
Calculate the remainder when 28255 is divided by 172.
47
Calculate the remainder when 4451686 is divided by 2206.
2184
What is the remainder when 5944 is divided by 2537?
870
What is the remainder when 210407 is divided by 3824?
87
Calculate the remainder when 1870390 is divided by 935122.
146
Calculate the remainder when 224334 is divided by 1304.
46
What is the remainder when 1233250 is divided by 410861?
667
What is the remainder when 35085 is divided by 2233?
1590
Calculate the remainder when 523142 is divided by 1777.
704
What is the remainder when 111482 is divided by 875?
357
Calculate the remainder when 238614 is divided by 524.
194
Calculate the remainder when 5167481 is divided by 156590.
11
Calculate the remainder when 295483 is divided by 1780.
3
What is the remainder when 17921193 is divided by 1836?
1833
What is the remainder when 1496974 is divided by 213802?
360
What is the remainder when 20274259 is divided by 82752?
19
What is the remainder when 23374135 is divided by 118?
105
Calculate the remainder when 57062 is divided by 117.
83
Calculate the remainder when 40371 is divided by 19564.
1243
What is the remainder when 26268754 is divided by 250?
4
Calculate the remainder when 15189846 is divided by 219.
6
Calculate the remainder when 2227 is divided by 828.
571
Calculate the remainder when 89316 is divided by 12276.
3384
Calculate the remainder when 2073762 is divided by 122.
6
Calculate the remainder when 19217917 is divided by 16.
13
Calculate the remainder when 2455078 is divided by 1549.
1462
Calculate the remainder when 828263 is divided by 2896.
7
What is the remainder when 193281035 is divided by 4034?
4027
Calculate the remainder when 1165199 is divided by 64733.
5
What is the remainder when 125080 is divided by 1407?
1264
Calculate the remainder when 236443194 is divided by 1991.
1989
What is the remainder when 560462 is divided by 184?
182
Calculate the remainder when 108937 is divided by 201.
196
What is the remainder when 20994702 is divided by 92082?
6
What is the remainder when 6665904 is divided by 7751?
44
What is the remainder when 70374 is divided by 34697?
980
Calculate the remainder when 6065811 is divided by 2333.
11
Calculate the remainder when 60944312 is divided by 413.
380
Calculate the remainder when 31910204 is divided by 2784.
2780
Calculate the remainder when 28899671 is divided by 1475.
1471
Calculate the remainder when 64734520 is divided by 83853.
4
Calculate the remainder when 1038480061 is divided by 41.
40
Calculate the remainder when 4119272 is divided by 1102.
1098
What is the remainder when 1023748 is divided by 31991?
36
What is the remainder when 36767 is divided by 1223?
77
What is the remainder when 553474 is divided by 14958?
28
What is the remainder when 395585046 is divided by 32?
22
What is the remainder when 330279868 is divided by 551?
550
Calculate the remainder when 7031375 is divided by 9.
8
What is the remainder when 490801 is divided by 245091?
619
What is the remainder when 1319837 is divided by 7903?
36
Calculate the remainder when 6075984 is divided by 2093.
5
What is the remainder when 1327413 is divided by 114?
111
What is the remainder when 789022 is divided by 25452?
10
Calculate the remainder when 29672323 is divided by 128.
3
Calculate the remainder when 10893298 is divided by 94.
14
Calculate the remainder when 490286 is divided by 574.
90
What is the remainder when 112457 is divided by 523?
12
What is the remainder when 8544051 is divided by 334?
331
What is the remainder when 70139677 is divided by 52?
49
What is the remainder when 4381 is divided by 86?
81
What is the remainder when 14302 is divided by 1547?
379
What is the remainder when 10860030 is divided by 52?
38
What is the remainder when 334275 is divided by 15719?
4176
Calculate the remainder when 25568265 is divided by 27.
21
What is the remainder when 118342 is divided by 117690?
652
Calculate the remainder when 108545040 is divided by 65114.
2
Calculate the remainder when 775314 is divided by 1323.
36
Calculate the remainder when 8245484 is divided by 17.
8
What is the remainder when 394867 is divided by 131386?
709
Calculate the remainder when 4193034 is divided by 2096511.
12
Calculate the remainder when 60545 is divided by 45.
20
What is the remainder when 271209 is divided by 271209?
0
Calculate the remainder when 564398 is divided by 548.
506
Calculate the remainder when 63112023 is divid